{"id":10,"date":"2025-10-28T21:59:13","date_gmt":"2025-10-28T21:59:13","guid":{"rendered":"https:\/\/new.parafiajablonna.info\/?page_id=10"},"modified":"2026-02-07T12:11:23","modified_gmt":"2026-02-07T12:11:23","slug":"home","status":"publish","type":"page","link":"https:\/\/new.parafiajablonna.info\/","title":{"rendered":"Home"},"content":{"rendered":"\t\t<div data-elementor-type=\"wp-page\" data-elementor-id=\"10\" class=\"elementor elementor-10\">\n\t\t\t\t<div class=\"elementor-element elementor-element-6e46ef2 e-grid under-banner-card e-con-boxed e-con e-parent\" data-id=\"6e46ef2\" data-element_type=\"container\" data-e-type=\"container\">\n\t\t\t\t\t<div class=\"e-con-inner\">\n\t\t<div class=\"elementor-element elementor-element-a397892 e-con-full box e-flex e-con e-child\" data-id=\"a397892\" data-element_type=\"container\" data-e-type=\"container\">\n\t\t\t\t<div class=\"elementor-element elementor-element-46c4121 elementor-view-default elementor-widget elementor-widget-icon\" data-id=\"46c4121\" data-element_type=\"widget\" data-e-type=\"widget\" data-widget_type=\"icon.default\">\n\t\t\t\t\t\t\t<div class=\"elementor-icon-wrapper\">\n\t\t\t<div class=\"elementor-icon\">\n\t\t\t<svg aria-hidden=\"true\" class=\"e-font-icon-svg e-fas-praying-hands\" viewBox=\"0 0 640 512\" xmlns=\"http:\/\/www.w3.org\/2000\/svg\"><path d=\"M272 191.91c-17.6 0-32 14.4-32 32v80c0 8.84-7.16 16-16 16s-16-7.16-16-16v-76.55c0-17.39 4.72-34.47 13.69-49.39l77.75-129.59c9.09-15.16 4.19-34.81-10.97-43.91-14.45-8.67-32.72-4.3-42.3 9.21-.2.23-.62.21-.79.48l-117.26 175.9C117.56 205.9 112 224.31 112 243.29v80.23l-90.12 30.04A31.974 31.974 0 0 0 0 383.91v96c0 10.82 8.52 32 32 32 2.69 0 5.41-.34 8.06-1.03l179.19-46.62C269.16 449.99 304 403.8 304 351.91v-128c0-17.6-14.4-32-32-32zm346.12 161.73L528 323.6v-80.23c0-18.98-5.56-37.39-16.12-53.23L394.62 14.25c-.18-.27-.59-.24-.79-.48-9.58-13.51-27.85-17.88-42.3-9.21-15.16 9.09-20.06 28.75-10.97 43.91l77.75 129.59c8.97 14.92 13.69 32 13.69 49.39V304c0 8.84-7.16 16-16 16s-16-7.16-16-16v-80c0-17.6-14.4-32-32-32s-32 14.4-32 32v128c0 51.89 34.84 98.08 84.75 112.34l179.19 46.62c2.66.69 5.38 1.03 8.06 1.03 23.48 0 32-21.18 32-32v-96c0-13.77-8.81-25.99-21.88-30.35z\"><\/path><\/svg>\t\t\t<\/div>\n\t\t<\/div>\n\t\t\t\t\t\t<\/div>\n\t\t\t\t<div class=\"elementor-element elementor-element-104ef9d elementor-widget elementor-widget-heading\" data-id=\"104ef9d\" data-element_type=\"widget\" data-e-type=\"widget\" data-widget_type=\"heading.default\">\n\t\t\t\t\t<h2 class=\"elementor-heading-title elementor-size-default\">Msza \u015awi\u0119ta<\/h2>\t\t\t\t<\/div>\n\t\t<div class=\"elementor-element elementor-element-b59d43c e-con-full e-flex e-con e-child\" data-id=\"b59d43c\" data-element_type=\"container\" data-e-type=\"container\">\n\t\t\t\t<div class=\"elementor-element elementor-element-e4d8862 elementor-widget elementor-widget-heading\" data-id=\"e4d8862\" data-element_type=\"widget\" data-e-type=\"widget\" data-widget_type=\"heading.default\">\n\t\t\t\t\t<h3 class=\"elementor-heading-title elementor-size-default\">Niedziela<\/h3>\t\t\t\t<\/div>\n\t\t\t\t<div class=\"elementor-element elementor-element-d9eec2c elementor-widget elementor-widget-text-editor\" data-id=\"d9eec2c\" data-element_type=\"widget\" data-e-type=\"widget\" data-widget_type=\"text-editor.default\">\n\t\t\t\t\t\t\t\t\t<p style=\"text-align: left;\">7:00, 8:30, 10:00,<br \/>11:30 (z udzia\u0142em dzieci),<br \/>13:00 i 18:00<\/p>\t\t\t\t\t\t\t\t<\/div>\n\t\t\t\t<div class=\"elementor-element elementor-element-68da280 elementor-widget elementor-widget-heading\" data-id=\"68da280\" data-element_type=\"widget\" data-e-type=\"widget\" data-widget_type=\"heading.default\">\n\t\t\t\t\t<h3 class=\"elementor-heading-title elementor-size-default\">Dni powszednie<\/h3>\t\t\t\t<\/div>\n\t\t\t\t<div class=\"elementor-element elementor-element-8e9785b elementor-widget elementor-widget-text-editor\" data-id=\"8e9785b\" data-element_type=\"widget\" data-e-type=\"widget\" data-widget_type=\"text-editor.default\">\n\t\t\t\t\t\t\t\t\t<p style=\"text-align: left;\">7:00, <span style=\"font-family: var( --e-global-typography-text-font-family ), Sans-serif; font-size: 1rem; font-style: inherit;\">7.30,\u00a0<\/span><span style=\"font-family: var( --e-global-typography-text-font-family ), Sans-serif; font-size: 1rem; font-style: inherit;\">18:00<\/span><\/p>\t\t\t\t\t\t\t\t<\/div>\n\t\t\t\t<\/div>\n\t\t\t\t<\/div>\n\t\t<div class=\"elementor-element elementor-element-d9af4a0 e-con-full box e-flex e-con e-child\" data-id=\"d9af4a0\" data-element_type=\"container\" data-e-type=\"container\">\n\t\t\t\t<div class=\"elementor-element elementor-element-742ba28 elementor-view-default elementor-widget elementor-widget-icon\" data-id=\"742ba28\" data-element_type=\"widget\" data-e-type=\"widget\" data-widget_type=\"icon.default\">\n\t\t\t\t\t\t\t<div class=\"elementor-icon-wrapper\">\n\t\t\t<div class=\"elementor-icon\">\n\t\t\t<svg aria-hidden=\"true\" class=\"e-font-icon-svg e-fas-church\" viewBox=\"0 0 640 512\" xmlns=\"http:\/\/www.w3.org\/2000\/svg\"><path d=\"M464.46 246.68L352 179.2V128h48c8.84 0 16-7.16 16-16V80c0-8.84-7.16-16-16-16h-48V16c0-8.84-7.16-16-16-16h-32c-8.84 0-16 7.16-16 16v48h-48c-8.84 0-16 7.16-16 16v32c0 8.84 7.16 16 16 16h48v51.2l-112.46 67.48A31.997 31.997 0 0 0 160 274.12V512h96v-96c0-35.35 28.65-64 64-64s64 28.65 64 64v96h96V274.12c0-11.24-5.9-21.66-15.54-27.44zM0 395.96V496c0 8.84 7.16 16 16 16h112V320L19.39 366.54A32.024 32.024 0 0 0 0 395.96zm620.61-29.42L512 320v192h112c8.84 0 16-7.16 16-16V395.96c0-12.8-7.63-24.37-19.39-29.42z\"><\/path><\/svg>\t\t\t<\/div>\n\t\t<\/div>\n\t\t\t\t\t\t<\/div>\n\t\t\t\t<div class=\"elementor-element elementor-element-fbf3c57 elementor-widget elementor-widget-heading\" data-id=\"fbf3c57\" data-element_type=\"widget\" data-e-type=\"widget\" data-widget_type=\"heading.default\">\n\t\t\t\t\t<h2 class=\"elementor-heading-title elementor-size-default\">Kancelaria<\/h2>\t\t\t\t<\/div>\n\t\t<div class=\"elementor-element elementor-element-f681858 e-con-full e-flex e-con e-child\" data-id=\"f681858\" data-element_type=\"container\" data-e-type=\"container\">\n\t\t\t\t<div class=\"elementor-element elementor-element-12a5c6e elementor-widget elementor-widget-heading\" data-id=\"12a5c6e\" data-element_type=\"widget\" data-e-type=\"widget\" data-widget_type=\"heading.default\">\n\t\t\t\t\t<h3 class=\"elementor-heading-title elementor-size-default\">Poniedzia\u0142ek - pi\u0105tek.<\/h3>\t\t\t\t<\/div>\n\t\t\t\t<div class=\"elementor-element elementor-element-ae6ceac elementor-widget elementor-widget-text-editor\" data-id=\"ae6ceac\" data-element_type=\"widget\" data-e-type=\"widget\" data-widget_type=\"text-editor.default\">\n\t\t\t\t\t\t\t\t\t<p style=\"text-align: left;\">8:00 &#8211; 9:00<br \/><span style=\"font-size: 1rem; font-style: inherit; font-weight: inherit;\">16:00 -17:30<\/span><\/p>\t\t\t\t\t\t\t\t<\/div>\n\t\t\t\t<div class=\"elementor-element elementor-element-746ef8a elementor-widget elementor-widget-heading\" data-id=\"746ef8a\" data-element_type=\"widget\" data-e-type=\"widget\" data-widget_type=\"heading.default\">\n\t\t\t\t\t<h3 class=\"elementor-heading-title elementor-size-default\">Sobota<\/h3>\t\t\t\t<\/div>\n\t\t\t\t<div class=\"elementor-element elementor-element-066a846 elementor-widget elementor-widget-text-editor\" data-id=\"066a846\" data-element_type=\"widget\" data-e-type=\"widget\" data-widget_type=\"text-editor.default\">\n\t\t\t\t\t\t\t\t\t<p style=\"text-align: left;\">8:00- 9:00<\/p>\t\t\t\t\t\t\t\t<\/div>\n\t\t\t\t<\/div>\n\t\t\t\t<\/div>\n\t\t<div class=\"elementor-element elementor-element-d2179dd e-con-full box e-flex e-con e-child\" data-id=\"d2179dd\" data-element_type=\"container\" data-e-type=\"container\">\n\t\t\t\t<div class=\"elementor-element elementor-element-7568c4a elementor-widget elementor-widget-html\" data-id=\"7568c4a\" data-element_type=\"widget\" data-e-type=\"widget\" data-widget_type=\"html.default\">\n\t\t\t\t\t<iframe src=\"https:\/\/opoka.org.pl\/liturgia_iframe\" scrolling=\"yes\" style=\"height: 365px; width: 300px\" height=\"auto\" frameborder=\"0\"><\/iframe >\t\t\t\t<\/div>\n\t\t\t\t<\/div>\n\t\t\t\t\t<\/div>\n\t\t\t\t<\/div>\n\t\t<div class=\"elementor-element elementor-element-730dd5a e-con-full e-flex e-con e-parent\" data-id=\"730dd5a\" data-element_type=\"container\" data-e-type=\"container\">\n\t\t\t\t<div class=\"elementor-element elementor-element-032d7dc elementor-widget elementor-widget-heading\" data-id=\"032d7dc\" data-element_type=\"widget\" data-e-type=\"widget\" data-widget_type=\"heading.default\">\n\t\t\t\t\t<h2 class=\"elementor-heading-title elementor-size-default\">Og\u0142oszenia<\/h2>\t\t\t\t<\/div>\n\t\t<div class=\"elementor-element elementor-element-8660ffe e-grid e-con-full e-con e-child\" data-id=\"8660ffe\" data-element_type=\"container\" data-e-type=\"container\">\n\t\t\t\t<div class=\"elementor-element elementor-element-3201eb6 su-post-container elementor-widget elementor-widget-shortcode\" data-id=\"3201eb6\" data-element_type=\"widget\" data-e-type=\"widget\" data-widget_type=\"shortcode.default\">\n\t\t\t\t\t\t\t<div class=\"elementor-shortcode\">\n<div class=\"su-posts su-posts-default-loop su-posts-announcement-loop \">\n\n\t\n\t\t\t\t\t\n\t\t\t\n\t\t\t<div id=\"su-post-271\" class=\"su-post \">\n\n\t\t\t\t<div class=\"su-post-thumbnail-container announcement-title-container\">\n                    <p class=\"announcement-title-first-part\">\n                        <i class=\"fa fa-bell\"><\/i>\n                        29                        <\/p>\n                    <p class=\"announcement-title-rest\">\n                        listopada, 2025                    <\/p>\n                    <a href=\"https:\/\/new.parafiajablonna.info\/?ogloszenia=automatycznie-zapisany-szkic-2\">\n                        <div class=\"read-more-container\">\n                    <i class=\"fa fa-arrow-right\"><\/i> zobacz tre\u015b\u0107<\/a>\n                    <\/div>\n\t\t\t\t<\/div>\n\t\t\t<\/div>\n\n\t\t\n\t\n<\/div>\n<\/div>\n\t\t\t\t\t\t<\/div>\n\t\t\t\t<div class=\"elementor-element elementor-element-b542580 su-post-container elementor-widget elementor-widget-shortcode\" data-id=\"b542580\" data-element_type=\"widget\" data-e-type=\"widget\" data-widget_type=\"shortcode.default\">\n\t\t\t\t\t\t\t<div class=\"elementor-shortcode\">\n<div class=\"su-posts su-posts-default-loop su-posts-announcement-loop \">\n\n\t\n\t\t\t\t\t\n\t\t\t\n\t\t\t<div id=\"su-post-279\" class=\"su-post \">\n\n\t\t\t\t<div class=\"su-post-thumbnail-container announcement-title-container\">\n                    <p class=\"announcement-title-first-part\">\n                        <i class=\"fa fa-bell\"><\/i>\n                        26                        <\/p>\n                    <p class=\"announcement-title-rest\">\n                        listopada, 2025                    <\/p>\n                    <a href=\"https:\/\/new.parafiajablonna.info\/?ogloszenia=automatycznie-zapisany-szkic-3\">\n                        <div class=\"read-more-container\">\n                    <i class=\"fa fa-arrow-right\"><\/i> zobacz tre\u015b\u0107<\/a>\n                    <\/div>\n\t\t\t\t<\/div>\n\t\t\t<\/div>\n\n\t\t\n\t\n<\/div>\n<\/div>\n\t\t\t\t\t\t<\/div>\n\t\t\t\t<div class=\"elementor-element elementor-element-c224be8 su-post-container elementor-widget elementor-widget-shortcode\" data-id=\"c224be8\" data-element_type=\"widget\" data-e-type=\"widget\" data-widget_type=\"shortcode.default\">\n\t\t\t\t\t\t\t<div class=\"elementor-shortcode\">\n<div class=\"su-posts su-posts-default-loop su-posts-announcement-loop \">\n\n\t\n\t\t\t\t\t\n\t\t\t\n\t\t\t<div id=\"su-post-254\" class=\"su-post \">\n\n\t\t\t\t<div class=\"su-post-thumbnail-container announcement-title-container\">\n                    <p class=\"announcement-title-first-part\">\n                        <i class=\"fa fa-bell\"><\/i>\n                        23                        <\/p>\n                    <p class=\"announcement-title-rest\">\n                        listopada, 2025                    <\/p>\n                    <a href=\"https:\/\/new.parafiajablonna.info\/?ogloszenia=automatycznie-zapisany-szkic\">\n                        <div class=\"read-more-container\">\n                    <i class=\"fa fa-arrow-right\"><\/i> zobacz tre\u015b\u0107<\/a>\n                    <\/div>\n\t\t\t\t<\/div>\n\t\t\t<\/div>\n\n\t\t\n\t\n<\/div>\n<\/div>\n\t\t\t\t\t\t<\/div>\n\t\t\t\t<\/div>\n\t\t\t\t<\/div>\n\t\t<div class=\"elementor-element elementor-element-21bbda4 e-con-full e-flex e-con e-parent\" data-id=\"21bbda4\" data-element_type=\"container\" data-e-type=\"container\">\n\t\t\t\t<div class=\"elementor-element elementor-element-b171d7a elementor-widget elementor-widget-heading\" data-id=\"b171d7a\" data-element_type=\"widget\" data-e-type=\"widget\" data-widget_type=\"heading.default\">\n\t\t\t\t\t<h2 class=\"elementor-heading-title elementor-size-default\">Niedzielne rozwa\u017canie<\/h2>\t\t\t\t<\/div>\n\t\t<div class=\"elementor-element elementor-element-9228f18 e-grid e-con-full e-con e-child\" data-id=\"9228f18\" data-element_type=\"container\" data-e-type=\"container\">\n\t\t\t\t<div class=\"elementor-element elementor-element-b6613d0 su-post-container elementor-widget elementor-widget-shortcode\" data-id=\"b6613d0\" data-element_type=\"widget\" data-e-type=\"widget\" data-widget_type=\"shortcode.default\">\n\t\t\t\t\t\t\t<div class=\"elementor-shortcode\">\n<div class=\"su-posts su-posts-default-loop \">\n\n\t\n\t\t\t\t\t\n\t\t\t\n\t\t\t<div id=\"su-post-113\" class=\"su-post \">\n\n\t\t\t\t<div class=\"su-post-thumbnail-container\">\n\t\t\t\t\t\t\t\t\t<a href=\"https:\/\/new.parafiajablonna.info\/?p=113\">\n\t\t\t\t\t\t<img fetchpriority=\"high\" decoding=\"async\" width=\"525\" height=\"274\" src=\"https:\/\/new.parafiajablonna.info\/wp-content\/uploads\/2016\/05\/niedziela-20231.webp\" class=\"su-post-thumbnail wp-post-image\" alt=\"\" srcset=\"https:\/\/new.parafiajablonna.info\/wp-content\/uploads\/2016\/05\/niedziela-20231.webp 525w, https:\/\/new.parafiajablonna.info\/wp-content\/uploads\/2016\/05\/niedziela-20231-300x157.webp 300w\" sizes=\"(max-width: 525px) 100vw, 525px\" \/>\t\t\t\t\t<\/a>\n\t\t\t\t\t\t\t\t<\/div>\n\t\t\t\t<h3 class=\"su-post-title\"><a href=\"https:\/\/new.parafiajablonna.info\/?p=113\">Wszystkich \u015awi\u0119tych<\/a><\/h3>\n\n\t\t\t\t<div class=\"su-post-meta\">\n\t\t\t\t\tOpublikowano: 3 listopada, 2025\t\t\t\t<\/div>\n\n\t\t\t\t<!-- <div class=\"su-post-excerpt\">\n\t\t\t\t\t<p>Dzisiejsza uroczysto\u015b\u0107 to dobry moment, \u017ceby zada\u0107 sobie pytania: kim jest \u015bwi\u0119ty i jak zosta\u0107 \u015bwi\u0119tym? Podczas lekcji religii w [&hellip;]\n\t\t\t\t<\/div> -->\n\n\t\t\t<\/div>\n\n\t\t\n\t\n<\/div>\n<\/div>\n\t\t\t\t\t\t<\/div>\n\t\t\t\t<div class=\"elementor-element elementor-element-32e92d1 su-post-container elementor-widget elementor-widget-shortcode\" data-id=\"32e92d1\" data-element_type=\"widget\" data-e-type=\"widget\" data-widget_type=\"shortcode.default\">\n\t\t\t\t\t\t\t<div class=\"elementor-shortcode\">\n<div class=\"su-posts su-posts-default-loop \">\n\n\t\n\t\t\t\t\t\n\t\t\t\n\t\t\t<div id=\"su-post-111\" class=\"su-post \">\n\n\t\t\t\t<div class=\"su-post-thumbnail-container\">\n\t\t\t\t\t\t\t\t\t<a href=\"https:\/\/new.parafiajablonna.info\/?p=111\">\n\t\t\t\t\t\t<img decoding=\"async\" width=\"525\" height=\"331\" src=\"https:\/\/new.parafiajablonna.info\/wp-content\/uploads\/2016\/05\/pddm.pl-Uczennic-Boskiego-Mistrza26.webp\" class=\"su-post-thumbnail wp-post-image\" alt=\"\" srcset=\"https:\/\/new.parafiajablonna.info\/wp-content\/uploads\/2016\/05\/pddm.pl-Uczennic-Boskiego-Mistrza26.webp 525w, https:\/\/new.parafiajablonna.info\/wp-content\/uploads\/2016\/05\/pddm.pl-Uczennic-Boskiego-Mistrza26-300x189.webp 300w\" sizes=\"(max-width: 525px) 100vw, 525px\" \/>\t\t\t\t\t<\/a>\n\t\t\t\t\t\t\t\t<\/div>\n\t\t\t\t<h3 class=\"su-post-title\"><a href=\"https:\/\/new.parafiajablonna.info\/?p=111\">XXX NIEDZIELA ZWYK\u0141A<\/a><\/h3>\n\n\t\t\t\t<div class=\"su-post-meta\">\n\t\t\t\t\tOpublikowano: 3 listopada, 2025\t\t\t\t<\/div>\n\n\t\t\t\t<!-- <div class=\"su-post-excerpt\">\n\t\t\t\t\t<p>Pokorna modlitwa o mi\u0142osierdzie \u201eKomu to papie\u017c poda\u0142 r\u0119k\u0119?! Jak m\u00f3g\u0142 rozmawia\u0107 z tym bezbo\u017cnikiem?! Ci oszu\u015bci i k\u0142amcy, kt\u00f3rzy [&hellip;]\n\t\t\t\t<\/div> -->\n\n\t\t\t<\/div>\n\n\t\t\n\t\n<\/div>\n<\/div>\n\t\t\t\t\t\t<\/div>\n\t\t\t\t<div class=\"elementor-element elementor-element-e5ae135 su-post-container elementor-widget elementor-widget-shortcode\" data-id=\"e5ae135\" data-element_type=\"widget\" data-e-type=\"widget\" data-widget_type=\"shortcode.default\">\n\t\t\t\t\t\t\t<div class=\"elementor-shortcode\">\n<div class=\"su-posts su-posts-default-loop \">\n\n\t\n\t\t\t\t\t\n\t\t\t\n\t\t\t<div id=\"su-post-1\" class=\"su-post \">\n\n\t\t\t\t<div class=\"su-post-thumbnail-container\">\n\t\t\t\t\t\t\t\t\t<a href=\"https:\/\/new.parafiajablonna.info\/?p=1\">\n\t\t\t\t\t\t<img decoding=\"async\" width=\"429\" height=\"240\" src=\"https:\/\/new.parafiajablonna.info\/wp-content\/uploads\/2016\/05\/240_F_1697095732_D3qBSWcO41FQgwOqRmNGieNkaMydkPbC.webp\" class=\"su-post-thumbnail wp-post-image\" alt=\"\" srcset=\"https:\/\/new.parafiajablonna.info\/wp-content\/uploads\/2016\/05\/240_F_1697095732_D3qBSWcO41FQgwOqRmNGieNkaMydkPbC.webp 429w, https:\/\/new.parafiajablonna.info\/wp-content\/uploads\/2016\/05\/240_F_1697095732_D3qBSWcO41FQgwOqRmNGieNkaMydkPbC-300x168.webp 300w\" sizes=\"(max-width: 429px) 100vw, 429px\" \/>\t\t\t\t\t<\/a>\n\t\t\t\t\t\t\t\t<\/div>\n\t\t\t\t<h3 class=\"su-post-title\"><a href=\"https:\/\/new.parafiajablonna.info\/?p=1\">Wspomnienie Wszystkich Wiernyc...<\/a><\/h3>\n\n\t\t\t\t<div class=\"su-post-meta\">\n\t\t\t\t\tOpublikowano: 10 maja, 2016\t\t\t\t<\/div>\n\n\t\t\t\t<!-- <div class=\"su-post-excerpt\">\n\t\t\t\t\t<p>I jak bardzo tej zewn\u0119trznej atmosferze, temu zewn\u0119trznemu klimatowi swoj\u0105 tre\u015bci\u0105 odpowiada liturgiczna Uroczysto\u015b\u0107 Wszystkich \u015awi\u0119tych i Wspomnienie Wszystkich Wiernych [&hellip;]\n\t\t\t\t<\/div> -->\n\n\t\t\t<\/div>\n\n\t\t\n\t\n<\/div>\n<\/div>\n\t\t\t\t\t\t<\/div>\n\t\t\t\t<\/div>\n\t\t\t\t<\/div>\n\t\t<div class=\"elementor-element elementor-element-7737b0e e-con-full e-flex e-con e-parent\" data-id=\"7737b0e\" data-element_type=\"container\" data-e-type=\"container\">\n\t\t\t\t<div class=\"elementor-element elementor-element-e9126b9 elementor-widget elementor-widget-html\" data-id=\"e9126b9\" data-element_type=\"widget\" data-e-type=\"widget\" data-widget_type=\"html.default\">\n\t\t\t\t\t<iframe id=\"VaticanNews\" src=\"https:\/\/vaticannews.pl\/news?lang=pl&template=full&count=3&fs=14&link=%235ECAEC&date=%23AAAAAA&video=0&brand=1&cols=full\" width=\"100%\" height=\"420\" style=\"border:0;\" loading=\"lazy\" title=\"Vatican News\"><\/iframe><script>window.addEventListener('message',function(e){if(!e.data||e.data.source!=='vn-embed')return;var f=document.getElementById('VaticanNews');if(f){f.style.height=e.data.height+'px';}});<\/script>\t\t\t\t<\/div>\n\t\t\t\t<\/div>\n\t\t\t\t<\/div>\n\t\t","protected":false},"excerpt":{"rendered":"<p>Msza \u015awi\u0119ta Niedziela 7:00, 8:30, 10:00,11:30 (z udzia\u0142em dzieci),13:00 i 18:00 Dni powszednie 7:00, 7.30,\u00a018:00 Kancelaria Poniedzia\u0142ek &#8211; pi\u0105tek. 8:00 [&hellip;]<\/p>\n","protected":false},"author":1,"featured_media":0,"parent":0,"menu_order":0,"comment_status":"closed","ping_status":"closed","template":"elementor_header_footer","meta":{"_acf_changed":false,"site-sidebar-layout":"no-sidebar","site-content-layout":"","ast-site-content-layout":"full-width-container","site-content-style":"default","site-sidebar-style":"default","ast-global-header-display":"","ast-banner-title-visibility":"","ast-main-header-display":"","ast-hfb-above-header-display":"","ast-hfb-below-header-display":"","ast-hfb-mobile-header-display":"","site-post-title":"","ast-breadcrumbs-content":"","ast-featured-img":"disabled","footer-sml-layout":"","ast-disable-related-posts":"","theme-transparent-header-meta":"","adv-header-id-meta":"","stick-header-meta":"","header-above-stick-meta":"","header-main-stick-meta":"","header-below-stick-meta":"","astra-migrate-meta-layouts":"default","ast-page-background-enabled":"default","ast-page-background-meta":{"desktop":{"background-color":"var(--ast-global-color-5)","background-image":"","background-repeat":"repeat","background-position":"center center","background-size":"auto","background-attachment":"scroll","background-type":"","background-media":"","overlay-type":"","overlay-color":"","overlay-opacity":"","overlay-gradient":""},"tablet":{"background-color":"","background-image":"","background-repeat":"repeat","background-position":"center center","background-size":"auto","background-attachment":"scroll","background-type":"","background-media":"","overlay-type":"","overlay-color":"","overlay-opacity":"","overlay-gradient":""},"mobile":{"background-color":"","background-image":"","background-repeat":"repeat","background-position":"center center","background-size":"auto","background-attachment":"scroll","background-type":"","background-media":"","overlay-type":"","overlay-color":"","overlay-opacity":"","overlay-gradient":""}},"ast-content-background-meta":{"desktop":{"background-color":"var(--ast-global-color-4)","background-image":"","background-repeat":"repeat","background-position":"center center","background-size":"auto","background-attachment":"scroll","background-type":"","background-media":"","overlay-type":"","overlay-color":"","overlay-opacity":"","overlay-gradient":""},"tablet":{"background-color":"var(--ast-global-color-4)","background-image":"","background-repeat":"repeat","background-position":"center center","background-size":"auto","background-attachment":"scroll","background-type":"","background-media":"","overlay-type":"","overlay-color":"","overlay-opacity":"","overlay-gradient":""},"mobile":{"background-color":"var(--ast-global-color-4)","background-image":"","background-repeat":"repeat","background-position":"center center","background-size":"auto","background-attachment":"scroll","background-type":"","background-media":"","overlay-type":"","overlay-color":"","overlay-opacity":"","overlay-gradient":""}},"footnotes":""},"class_list":["post-10","page","type-page","status-publish","hentry"],"acf":[],"_links":{"self":[{"href":"https:\/\/new.parafiajablonna.info\/index.php?rest_route=\/wp\/v2\/pages\/10","targetHints":{"allow":["GET"]}}],"collection":[{"href":"https:\/\/new.parafiajablonna.info\/index.php?rest_route=\/wp\/v2\/pages"}],"about":[{"href":"https:\/\/new.parafiajablonna.info\/index.php?rest_route=\/wp\/v2\/types\/page"}],"author":[{"embeddable":true,"href":"https:\/\/new.parafiajablonna.info\/index.php?rest_route=\/wp\/v2\/users\/1"}],"replies":[{"embeddable":true,"href":"https:\/\/new.parafiajablonna.info\/index.php?rest_route=%2Fwp%2Fv2%2Fcomments&post=10"}],"version-history":[{"count":226,"href":"https:\/\/new.parafiajablonna.info\/index.php?rest_route=\/wp\/v2\/pages\/10\/revisions"}],"predecessor-version":[{"id":429,"href":"https:\/\/new.parafiajablonna.info\/index.php?rest_route=\/wp\/v2\/pages\/10\/revisions\/429"}],"wp:attachment":[{"href":"https:\/\/new.parafiajablonna.info\/index.php?rest_route=%2Fwp%2Fv2%2Fmedia&parent=10"}],"curies":[{"name":"wp","href":"https:\/\/api.w.org\/{rel}","templated":true}]}}